5
Let f(c) = 69*c**2 - 63*c - 4. Let g(k) = 345*k**2 - 302*k - 22. Let d(u) = -29*f(u) + 6*g(u). Determine d(1).
68
Let s(m) = 2*m**2 - 11*m - 3 + 3*m + 11*m. Let l(d) = 24*d**2. Let v be l(1). Suppose 0*o = -3*a + 5*o - v, 0 = 3*a + 4*o - 3. What is s(a)?
6
Let a be ((-3)/9)/(3 - (-95)/(-30)). Let l(r) = -4*r**2 - 6 + r**3 + 5*r**a + 1. Give l(0).
-5
Let w(f) be the first derivative of f**4/4 - 2*f**3/3 - 20*f**2 + 39*f + 632. What is w(7)?
4
Let p = -1 - -5. Let y(g) be the second derivative of g**5/20 - g**4/4 - g**3/6 + 3*g**2/2 - 524*g - 2. What is y(p)?
15
Let i = 881 - 1360. Let f = i - -473. Let t(j) = -j**3 - 5*j**2 + 3*j - 16. Determine t(f).
2
Suppose b = 43*l - 45*l - 3, l - 4*b + 33 = 0. Let v(o) = -o**2 - 11*o - 33. What is v(l)?
-3
Let y(b) = 8*b + 23. Let p(d) = -19*d - 47. Let x(l) = 3*p(l) + 7*y(l). Determine x(30).
-10
Suppose -3*s = 15 - 33. Let f(o) = -520*o**3 + 1030*o**3 + 5 - 6*o**2 + s*o - 511*o**3. Give f(-7).
12
Let f(l) = -18*l - 1. Let j(s) = s**3 - 8*s**2 + 2. Suppose -4*m - 5*m + 72 = 0. Let w be j(m). Suppose -3*t - 2*g = 11, 0 = -5*t + w*g + 1 + 2. Calculate f(t).
17
Let s be (-1 - -12)/(-5*(-5)/(-200)). Let l = s + 80. Let r(k) = -k - 10. Calculate r(l).
-2
Suppose -45 + 37 = -2*q, -5*q = 5*m - 30. Let s(h) = -20*h + 0*h - 6 + 20*h + h**m. Suppose -c = 2*c. What is s(c)?
-6
Let m(i) be the third derivative of i**4/8 - 10*i**3/3 + 1978*i**2. What is m(4)?
-8
Let i be 14/(-154) - 3744/198. Let v(s) = s**3 + 19*s**2 + 4*s - 42. Calculate v(i).
-118
Let o be 3*(-3)/(36/32). Let j(c) be the first derivative of c**4/4 + 3*c**3 + 7*c**2/2 - 7*c + 26. Determine j(o).
1
Let p(v) = -193*v + 2128. Let j be p(11). Let y(m) be the third derivative of 1/8*m**4 + 1/12*m**j + 0*m + 8*m**2 + 1/3*m**3 + 0. What is y(-2)?
16
Let a(c) be the second derivative of -c**4/12 - 11*c**3/3 + 18*c**2 + c - 2196. Give a(-28).
-132
Let y(v) = -v**3 + 15*v**2 - 18*v + 35. Let i = -4212 - -4226. Determine y(i).
-21
Let t(l) = 9*l + 3. Let z be (-2)/8 + (-3)/(-12). Suppose -2*q = -4*o + 18, -2*o + 4*q + 18 = -z*q. Suppose -o*y + 5*p = -9, -2*y + p = -5*y - 9. Give t(y).
-15
Let j(s) = -s**3 - 3*s**2 + s + 5. Let r(z) = -5*z + 1. Let n be r(1). Let m(l) = 24*l + 224. Let h be m(-9). Let k be -2 + 0 + 4/h*n. Give j(k).
17
Suppose 0 = x - 3, 4*c - 3 = 8*x + 1. Let i(f) be the second derivative of -f**5/20 + f**4/2 + 5*f**3/6 + 2*f**2 - 17*f. Give i(c).
-10
Let f = -284 - -287. Let g(n) = -72*n + 28*n + 28*n - n**f - 2 + 19*n - 3*n**2. What is g(-4)?
2
Suppose -42*y + 64 = -10*y. Let p(d) = -2*d - 3 + 2 - 5*d + 4*d**2 - 3*d**2 - y*d**2. Calculate p(-7).
-1
Let r(l) be the second derivative of -3/2*l**3 - 64*l + 11/12*l**4 + 0 + 7*l**2 - 1/20*l**5. Calculate r(10).
24
Let q be (-3)/6*0/(-5). Suppose -10*c + 13*c + 5*i = -80, q = 4*c + i + 84. Let l(z) = z**3 + 21*z**2 + 19*z - 22. Calculate l(c).
-2
Let t(r) = -r**2 + r + 4. Let c be 1*-7*65/35*-6. Let q = -78 + c. Give t(q).
4
Let g = 35168 + -35192. Let f(c) = -2*c - 21. Calculate f(g).
27
Let b(u) = u**3 - 4*u**2 - 3. Let r = 78 + -68. Let z(c) = r - 9 + 7*c - 4*c. Let t be z(1). Calculate b(t).
-3
Let p(u) = -u**3 - 23*u**2 + 25*u + 29. Let l be p(-24). Let d(y) = l + 157*y - y**2 - 322*y + 161*y. Give d(-5).
0
Let g = 2178 - 2176. Let h(f) be the second derivative of 2*f**g - 1/6*f**3 + 1/20*f**5 - 1/2*f**4 - 15*f + 0. What is h(6)?
-2
Let r(a) = -2*a + 5. Suppose 4*b + 6 - 26 = 0. Let y be -5 + b - (1 - -11). Let z = y - -19. Determine r(z).
-9
Let f(b) = -131 + 140 - 9*b - 25. What is f(2)?
-34
Let s = -501 + 501. Let g(x) = s*x + 2*x**2 + 5 + 2*x - 3*x - 2. What is g(3)?
18
Let a(v) = -11*v - 1. Let f(k) = k**2 + 2*k**2 + 7*k**2 - 8*k**2 + 19 - 14*k. Let m be f(5). Determine a(m).
10
Let u(d) = d**3 - 6*d**2 + 2*d - 10. Let z be u(6). Let i(r) = r**z + 6*r + 12*r + 12*r + 7 - 41*r. Determine i(9).
-11
Let x(b) = -3*b + 5. Suppose -4*k = -6 - 30. Suppose 3*l + k = n, -18 = -4*n - 0*l + 3*l. Suppose u + 20 = n*h, -4 = -h + 3*u + 16. Calculate x(h).
-10
Let i(w) = -w**3 - 4*w**2 + 11*w + 12. Let h be 89/(-18) - (-232)/(-4176). What is i(h)?
-18
Let z(g) = 46*g - 3 - 16*g - 13*g - 18*g - 2*g**2. Let t(b) = -b**2 - 2*b - 1. Let s(q) = 9*t(q) - 4*z(q). Give s(-14).
3
Suppose 30*w = 27*w - 12. Let m(b) = -4*b + 2*b**2 + b**2 + b**3 + 2 + 8 - 5. Give m(w).
5
Let u be 0 - (1 - 3 - (-1 + -1)). Let x(a) = -7*a + 12. Let c(k) = -4*k + 6. Let q(t) = -5*c(t) + 3*x(t). Determine q(u).
6
Let s(a) be the first derivative of -2*a**3/3 + 7*a**2 + 122*a + 3467. Determine s(12).
2
Let x(d) be the second derivative of d**5/20 - 19*d**4/12 - d**3/3 + 17*d**2/2 + 135*d - 2. Determine x(19).
-21
Suppose 4*q + 2*f - 2 = 5*f + 26, 0 = -3*f. Let x(g) = -g**3 + 9*g**2 - 7*g + 16. Give x(q).
65
Let p(u) = -4 + 3 + u + 3 + 2*u. Let k(c) = c**3 + 29*c**2 - 60*c + 60. Let l be k(-31). Give p(l).
-4
Let m(a) = 5*a**3 + 18 - 32*a + 44*a + 0*a**3 - 4*a**3 + 14*a**2 - 2*a**3. What is m(15)?
-27
Let r(p) = -p**3 + 10*p**2 + 10*p + 14. Suppose 17 = 3*d - s, -2*s = -d + 3*d + 2. Suppose -d*q + q - 9 = 0, 5*f - 49 = -2*q. Give r(f).
3
Let l(d) = 5*d + 29. Let j(o) = o + 7. Let w(i) = -6*j(i) + l(i). Determine w(-4).
-9
Let f(p) = -p**2 + 6*p + 7. Let k(a) = -a**3 + 2*a**2 + 20*a - 20. Let x = -725 - -730. Let m be k(x). What is f(m)?
12
Let g(q) be the first derivative of -q**2 - 2*q + 13 - 1/3*q**3. Let a(i) = -i**2 - i - 1. Let u(v) = -7*a(v) + 6*g(v). Calculate u(7).
9
Let n = -13 - -58. Suppose 3*q - 25 = 4*d - 6*d, n = 4*d + q. Suppose -t = -4*v + d, 4*v - 2*v = 4. Let h(o) = 5*o - 3. Give h(t).
-18
Suppose j = 5*x - 2*j - 23, 2*x + 5*j - 3 = 0. Let t = x - 4. Let b(r) = -77*r - 14. Let y(f) = -19*f + 2. Let k(c) = b(c) - 4*y(c). Determine k(t).
-22
Suppose 17 = z - 0*z. Let f(t) be the third derivative of -t**4/24 + 13*t**3/6 - 45*t**2. Let i be f(z). Let c(b) = b + 3. Calculate c(i).
-1
Let m(v) = 5*v**3 - v**2 - 636*v + 2. Let z(g) = -12*g**3 + 3*g**2 + 1589*g - 3. Let l(j) = 5*m(j) + 2*z(j). Let c be (-2)/(4/(-6)*-1). Calculate l(c).
-8
Let i(a) = -59*a + 120. Let y(t) = 237*t - 537. Let w(h) = 9*i(h) + 2*y(h). Determine w(-2).
120
Let a(v) = -v**2 + 5*v + 6. Let z(s) be the first derivative of 1/3*s**3 - 2 - 22*s + 6*s**2. Let y be z(-14). Determine a(y).
0
Suppose 4*r + 4*g - 14 = 3*r, 0 = 3*g - 15. Let k(o) = o - 13. Let f(p) = 12. Let d(q) = -4*f(q) - 3*k(q). Determine d(r).
9
Let k(v) = v**2 + 6*v - 81. Suppose 2*c - 4*z = 5*c + 52, c + 3*z = -24. Let h be k(c). Let s(p) = p**2 + 9*p + 6. Give s(h).
6
Let m(p) = 5*p**2 + 6*p + 2. Let f(s) = -s. Let o(h) = -5*f(h) - m(h). Let u be o(3). Let k = 47 + u. Let j(v) = -v**3 - 3*v**2 - 3*v - 3. Determine j(k).
6
Suppose -t - 5*k = -245, -5*t = 3*k - 421 - 716. Let u be (-45)/t - (-39)/(-5). Let a(i) = 2*i + 9. Give a(u).
-7
Suppose 0 = 28*p - 27 - 29. Let h(v) = -4 - 7 - v**3 - 13*v + 3 - 3*v**2 + p + 14*v. Give h(-5).
39
Let g be ((-7 + -2)/18)/(1/22). Let f(w) = -2*w**3 - 19*w**2 + 31*w - 27. Calculate f(g).
-5
Let q(j) be the second derivative of j**3/6 + 3*j**2 + 1390*j. What is q(-5)?
1
Let j = 172 + 22. Let t = 184 - j. Let a(n) = n**2 + 10*n - 8. What is a(t)?
-8
Let f(i) be the third derivative of 3*i**4/8 - 2*i**3/3 - 1393*i**2. Give f(3).
23
Let a(l) = 18*l + 32. Let h(s) = 34*s + 65. Let y(z) = -11*a(z) + 6*h(z). Determine y(-6).
2
Let f(p) = -p**3 + 8*p**2. Let h be f(8). Let m be 6/(-2)*(-1 - h). Let r(y) = 2 + m*y + 1 + 7 - 11. Give r(4).
11
Let g(c) = -c**2 - 2*c + 3. Suppose d + 9 = 4*d. Let y be (d + -7 - -2) + 4. Suppose 16 = -3*x - 2*j, 0 = -y*x - j + 4 - 14. Determine g(x).
-5
Suppose -89*i - 100 = 52*i - 137*i. Let z(f) = 32*f + 797. Determine z(i).
-3
Let v be (6 + (-9)/3)/(3/(-14)). Let m be (-96)/v - (-17)/119. Let q(r) = 9*r**3 + r - 9 - 10*r**3 - 1 + m*r**2. Calculate q(7).
-3
Let z(i) = i**3 - 73*i**2 + 341*i - 73. Let r be z(68). Let w(v) = 2*v**2 + 8. Determine w(r).
58
Let c(q) = -64*q + 48 + 58*q - 18. Give c(4).
6
Let l(b) be the second derivative of -b**5/20 - 15*b**4/4 + 15*b**3/2 - 21*b**2 + 1327*b. Determine l(-46).
4
Let g(d) = 3*d**3 + 8*d**2 - 38*d + 9. Let v(y) = -8*y**3 - 13*y**2 + 80*y - 19. Let j(p) = 5*g(p) + 2*v(p). Calculate j(2).
-5
Suppose -4 = -2*y + 2. Suppose -5*p + f - 5*f = 2, -3*p + y*f = -15. Let m(x) = 182*x**3 -